{"id":41,"date":"2018-11-21T01:43:17","date_gmt":"2018-11-21T00:43:17","guid":{"rendered":"http:\/\/canicross.pitallat.cat\/?page_id=41"},"modified":"2025-12-29T19:36:00","modified_gmt":"2025-12-29T18:36:00","slug":"reglament","status":"publish","type":"page","link":"https:\/\/canicross.pitallat.cat\/?page_id=41","title":{"rendered":"Reglament"},"content":{"rendered":"<div id=\"dslc-theme-content\"><div id=\"dslc-theme-content-inner\"><div id=\"pl-41\"  class=\"panel-layout\" ><div id=\"pg-41-0\"  class=\"panel-grid panel-no-style\" ><div id=\"pgc-41-0-0\"  class=\"panel-grid-cell\" ><div id=\"panel-41-0-0-0\" class=\"so-panel widget widget_sow-editor panel-first-child panel-last-child\" data-index=\"0\" ><div class=\"panel-widget-style panel-widget-style-for-41-0-0-0\" ><div class=\"so-widget-sow-editor so-widget-sow-editor-base\">\n<div class=\"siteorigin-widget-tinymce textwidget\">\n\t<h2><strong>Participants<\/strong><\/h2>\n<p>Els menors d'edat han de portar una autoritzaci\u00f3 signada pare, mare o tutor legal per poder participar.<\/p>\n<p><strong>Categories Canicr\u00f2s:<\/strong><\/p>\n<p>Hi haur\u00e0 un total de 9 categories amb premis:<\/p>\n<ul>\n<li>J\u00fanior mixte (nascuts entre 2008 i anys posteriors. Edat m\u00ednima 12 anys).<\/li>\n<li>S\u00e8nior mascul\u00ed i femen\u00ed (nascuts entre els anys 1987 i 2007, inclosos)<\/li>\n<li>Veter\u00e0 mascul\u00ed i femen\u00ed (nascuts entre els anys 1977 i 1986, inclosos)<\/li>\n<li>M\u00e0ster mascul\u00ed i femen\u00ed (nascuts el 1976 o anys anteriors)<\/li>\n<li>Gossos &lt; 15 kg. mascul\u00ed i femen\u00ed.<\/li>\n<\/ul>\n<p><em>Sortides dels corredors en calaixos de 2 corredors cada 10 segons.<\/em><\/p>\n<h2><strong>Premis<\/strong><\/h2>\n<p>Hi ha premis per totes les categories i al millor local mascul\u00ed i femen\u00ed (en canicr\u00f2s).<\/p>\n<h2><strong>Recollida de Dorsals i Gossos (aplicable a Canicr\u00f2s)<\/strong><\/h2>\n<p>L'esportista haur\u00e0 de recollir el dorsal i bossa del corredor amb marge suficient, i<br \/>\npresentar durant el control veterinari (no cal portar al gos durant el control):<\/p>\n<p style=\"padding-left: 40px;\">\u25cf Cartilla de vacunacions al corrent, signades i segellades per un veterinari<br \/>\ncol\u00b7legiat.<br \/>\n\u25cf Certificat d\u2019implantaci\u00f3 del micro-xip obligatori.<br \/>\n\u25cf Arn\u00e9s de tir del gos i l\u00ednia esmorte\u00efda.<\/p>\n<p><strong>ATENCI\u00d3:<\/strong> Per minimitzar l\u2019estr\u00e8s del gos abans de l\u2019inici de la cursa, de forma<br \/>\naleat\u00f2ria s\u2019indicar\u00e0 la necessitat de portar el gos per fer un reconeixement per<br \/>\nveterinari. Abans de la sortida es far\u00e0 una revisi\u00f3 dels gossos col\u00b7locats per sortir i \u00e9s<br \/>\npodr\u00e0 demanar fer reconeixement pel veterinari. La lectura del xip del gos \u00e9s far\u00e0 un<br \/>\ncop arribin a meta.<\/p>\n<p><strong>Es comprovar\u00e0 que els gossos:<\/strong><\/p>\n<p style=\"padding-left: 40px;\">\u25cf Disposin del xip obligatori.<\/p>\n<p style=\"padding-left: 40px;\">\u25cf La cartilla de vacunes on hi consti:<\/p>\n<p style=\"padding-left: 80px;\">\u2713 L\u2019antir\u00e0bica<br \/>\n\u2713 La polivalent front, com a m\u00ednim, a parvovirosis, leptospirosis, moquillo<br \/>\ncan\u00ed i hepatitis canina, com a m\u00ednim.<br \/>\n\u2713 Vacuna front a la Bordetella bronchiseptica (tos gosseres), tipus EURICAN<br \/>\nPNEUMO (Merial, Grupo Sanos), Novivac KC (MSD) o Versican BB plus<br \/>\n(Zoetis).<\/p>\n<p style=\"padding-left: 80px;\">En el cas de ser la primera vegada que es vacuni front a qualsevol de les anteriors<br \/>\nmalalties, la vacuna s\u2019haur\u00e0 d\u2019administrar amb un m\u00ednim de vint-i-un dies abans de<br \/>\nla prova. La resta de les vacunes es recomana posar-les quinze dies abans de<br \/>\nl\u2019esdeveniment.<\/p>\n<p style=\"padding-left: 40px;\">\u25cf El gos NO tingui ferides NI lesions que puguin agreujar-se durant la cursa.<\/p>\n<p style=\"padding-left: 40px;\">\u25cf El gos ha de tenir, com a m\u00ednim, 12 mesos d\u2019edat per fer CANICR\u00d2S.<\/p>\n<p style=\"padding-left: 40px;\">\u25cf En cas de participar a la categor\u00eda Sub-15 kg es comprovar\u00e0 que el gos es<br \/>\ntroba en el pes correcte de la categoria.<\/p>\n<p>*Els gossos conflictius (no perillosos), \u00e9s a dir aquells que tenen reaccions davant<br \/>\nd\u2019altres gossos en determinades circumst\u00e0ncies, hauran de prendre la sortida amb<br \/>\nmorri\u00f3 o b\u00e9 fer-ho en darrer lloc del grup (avisar a l\u2019organitzaci\u00f3).<\/p>\n<p>*En cas que hi hagi gosses en zel s\u2019haur\u00e0 de comunicar a l\u2019organitzaci\u00f3 i sortiran en<br \/>\n\u00faltima posici\u00f3.<\/p>\n<h2><strong>Normativa dia de la cursa<\/strong><\/h2>\n<p>1.\u00a0 METEOROLOGIA: En funci\u00f3 de les condicions meteorol\u00f2giques, especialment si les<br \/>\ntemperatures s\u00f3n massa altes, l\u2019organitzador pot prendre alguna de les seg\u00fcents<br \/>\nmesures:<\/p>\n<p style=\"padding-left: 40px;\">\u25cf Avan\u00e7ar l\u2019horari de sortida<br \/>\n\u25cf Modificar el recorregut.<\/p>\n<p style=\"padding-left: 40px;\">*Si s\u2019apliqu\u00e9s alguna d\u2019aquestes mesures s'informar\u00e0 durant el briefing previ a la cursa. En<br \/>\ncas de pluja la cursa no s\u2019anul\u00b7lar\u00e0 excepte en condicions extremes.<\/p>\n<p>2. L'esportista haur\u00e0 de con\u00e8ixer als seus gossos i prendre les mesures per controlar-lo<br \/>\nen tot moment durant el transcurs de la prova.<\/p>\n<p>3. No es permeten agressions f\u00edsiques ni verbals a gossos propis o aliens.<\/p>\n<p>4. L'esportista i els seus gossos hauran de passar per tots els punts de control sense<br \/>\nsortir del circuit.<\/p>\n<p>5. Es portar\u00e0 la l\u00ednia de tir recollida a l\u2019inici de cursa, durant els primers metres del<br \/>\nrecorregut.<\/p>\n<p>6. S\u2019ha de c\u00f3rrer sempre darrera del gos o al seu costat, mai per davant del gos ni<br \/>\narrossegar-lo de la l\u00ednia de tir.<\/p>\n<p>7. Es prohibeix c\u00f3rrer ocupant tota la pista, deixant el gos c\u00f3rrer a un costat de la pista i<br \/>\nl'esportista per l'altre.<\/p>\n<p>8. Com a norma general, l'esportista no podr\u00e0 rebre ajuda externa durant la cursa, tret<br \/>\nque sigui autoritzat per l\u2019organitzaci\u00f3.<\/p>\n<p>9. En cas d'emerg\u00e8ncia \u00e9s obligatori ajudar a l'equip afectat i informar al control m\u00e9s<br \/>\nproper.<\/p>\n<p>10. En el moment en que un participant vulgui realitzar un avan\u00e7ament haur\u00e0 d\u2019advertir<br \/>\namb la veu \u201cPAS\u201d per prevenir qualsevol risc entre corredors i gossos. El participant<br \/>\nque est\u00e0 sent avan\u00e7ant haur\u00e0 de facilitar l\u2019avan\u00e7ament sempre i quan no es trobi en<br \/>\nuna situaci\u00f3 de perill.<\/p>\n<p>11. L'esportista portar\u00e0 sempre visible el dorsal a la part davantera, especialment en els<br \/>\npunts de control i a l\u2019arribada. El dorsal \u00e9s personal i intransferible.<\/p>\n<p>12. Es prohibeix totalment l'\u00fas d'auriculars o qualsevol altre aparell que pugui interferir<br \/>\nen la correcte audici\u00f3 de les diferents advert\u00e8ncies o notificacions que puguin ser<br \/>\nrealitzades pel personal de la cursa o per altres corredors. Ser\u00e0 autom\u00e0ticament<br \/>\ndesqualificat\/da.<\/p>\n<p>13. Si algun esportista abandona haur\u00e0 d'avisar al control m\u00e9s proper o la organitzaci\u00f3.<br \/>\nL\u2019incompliment de les normes establertes en aquest reglament, segons la seva gravetat i<br \/>\ncircumst\u00e0ncies, ser\u00e0 sancionat amb un av\u00eds, penalitzaci\u00f3 o desqualificaci\u00f3, sent considerades<br \/>\ncom a infraccions a les regles de competici\u00f3 durant el desenvolupament d\u2019aquestes.<\/p>\n<h2><strong>Normes de caminada<\/strong><\/h2>\n<ul>\n<li>\u00c9s obligatori que tots els gossos vagin lligats.<\/li>\n<li>No \u00e9s obligatori portar arn\u00e8s per\u00f2 \u00e9s recomanable.<\/li>\n<li>Tampoc es passar\u00e0 control veterinari, per\u00f2 \u00e9s recomanable que tots els gossos portin les corresponents vacunes.<\/li>\n<\/ul>\n<h2><strong>Normativa general<\/strong><\/h2>\n<p>El dret a la pr\u00f2pia imatge \u00e9s un dret reconegut en l\u2019article 18.1 de la Constituci\u00f3 i regulat en<br \/>\nla Llei 5\/1982, de 5 de maig, sobre el dret a l\u2019honor, a la intimitat personal i familiar, i a la<br \/>\npr\u00f2pia imatge, aix\u00ed com en l\u2019aplicaci\u00f3 de la Llei Org\u00e0nica 15\/1999 de Protecci\u00f3 de Dades de<br \/>\nCar\u00e0cter Personal, de 13 de desembre. L\u2019acceptaci\u00f3 del present reglament implica<br \/>\nobligat\u00f2riament que el participant (tant d\u2019adults com de menors) autoritza a l\u2019organitzaci\u00f3 a<br \/>\nla realitzaci\u00f3 de fotografies i filmaci\u00f3 de la seva participaci\u00f3 a qualsevol de les seves<br \/>\nmodalitats, i els d\u00f3na el seu consentiment per la seva difusi\u00f3 i explotaci\u00f3 incl\u00f2s amb fins<br \/>\ncomercials i publicitaris de totes les imatges preses durant la prova, i en les quals resulti<br \/>\nclarament identificable, tant ell com el seu gos i sense dret per part del corredor a rebre cap<br \/>\ncompensaci\u00f3 econ\u00f2mica.<\/p>\n<p>En inscriure\u2019s a qualsevol de les modalitats, el corredor autoritza la cessi\u00f3 de les seves dades<br \/>\npersonals a l\u2019Open Correpotes Catalunya per tal que, i \u00fanicament per aquesta finalitat, els<br \/>\nseus organitzadors elaborin la classificaci\u00f3 general del Campionat. Si per algun motiu no es<br \/>\nvolen cedir aquestes dades caldr\u00e0 comunicar-ho a l\u2019organitzaci\u00f3 en el moment de la<br \/>\ninscripci\u00f3.<\/p>\n<p>Cal ser conscients que aquest tipus d\u2019activitat, en desenvolupar-se en medi natural, en llocs<br \/>\nde dif\u00edcil acc\u00e9s i control, t\u00e9 un risc addicional per als participants. Per aix\u00f2 el corredor<br \/>\nassumeix que hi participa de forma volunt\u00e0ria assumint les conseq\u00fc\u00e8ncies de la seva<br \/>\nparticipaci\u00f3 i del seu animal de companyia.<\/p>\n<p>L\u2019 organitzaci\u00f3, aix\u00ed com col\u00b7laboradors i patrocinadors, declinen tota responsabilitat que no<br \/>\nestigui associada a causes pr\u00f2pies de l\u2019organitzaci\u00f3. Els danys f\u00edsics o materials que es puguin<br \/>\nproduir als participants deguts a la pr\u00f2pia activitat esportiva, tant en humans com en gossos<br \/>\n(caigudes, ferides, mossegades, etc), no seran responsabilitat de l\u2019organitzaci\u00f3. Cal respectar<br \/>\nl\u2019entorn natural, la seva flora, la seva fauna i els seus ve\u00efns, assegurant de no embrutar, ni<br \/>\nmolestar ni malmetre els llocs per on passi la cursa. En cas d\u2019haver d\u2019anular la cursa per<br \/>\ncauses alienes a l\u2019organitzaci\u00f3, aquesta no podr\u00e0 retornar l\u2019import de la inscripci\u00f3 per\u00f2<br \/>\noferir\u00e0 un punt de recollida de l\u2019obsequi. L\u2019anul\u00b7laci\u00f3 de la prova per part de l\u2019organitzador,<br \/>\nsuposar\u00e0 \u00fanicament la devoluci\u00f3 dels drets de participaci\u00f3. En cap cas, l\u2019organitzador es far\u00e0<br \/>\nc\u00e0rrec de cap altra despesa, com pot ser despla\u00e7aments, hotels, etc. En inscriure\u2019s<br \/>\nl\u2019esportista a qualsevol prova declara ser coneixedor i acceptar el present reglament i el<br \/>\npropi de la prova. No es retornar\u00e0 la quota d'inscripci\u00f3 si a l\u2019esportista no li est\u00e0 permesa la<br \/>\nparticipaci\u00f3 a la cursa per l\u2019incompliment d\u2019algun punt del present reglament. Aquest<br \/>\nreglament pot ser modificat fins el dia de la prova, segons imprevistos aliens o interns de<br \/>\nl\u2019organitzaci\u00f3. La \u00faltima revisi\u00f3 estar\u00e0 penjada al web de la organitzaci\u00f3.<\/p>\n<p><strong>TOT ALL\u00d2 QUE NO ESTIGUI PREVIST EN EL PRESENT REGLAMENT QUEDA SOTA LA DECISI\u00d3<\/strong><br \/>\n<strong>DE L\u2019ORGANITZACI\u00d3.<\/strong><\/p>\n<p>&nbsp;<\/p>\n<\/div>\n<\/div><\/div><\/div><\/div><\/div><\/div><\/div><\/div>","protected":false},"excerpt":{"rendered":"<div class=\"slide-text-bg2\"><span>Participants Els menors d&#8217;edat han de portar una autoritzaci\u00f3 signada pare, mare o tutor legal per poder participar. Categories Canicr\u00f2s: Hi haur\u00e0 un to<\/span><\/div>\n<div class=\"slide-btn-area-sm\"><a href=\"https:\/\/canicross.pitallat.cat\/?page_id=41\" class=\"slide-btn-sm\">Llegiu m\u00e9s<\/a><\/div>\n","protected":false},"author":1,"featured_media":0,"parent":0,"menu_order":0,"comment_status":"closed","ping_status":"closed","template":"fullwidth.php","meta":{"footnotes":""},"class_list":["post-41","page","type-page","status-publish","hentry"],"_links":{"self":[{"href":"https:\/\/canicross.pitallat.cat\/index.php?rest_route=\/wp\/v2\/pages\/41"}],"collection":[{"href":"https:\/\/canicross.pitallat.cat\/index.php?rest_route=\/wp\/v2\/pages"}],"about":[{"href":"https:\/\/canicross.pitallat.cat\/index.php?rest_route=\/wp\/v2\/types\/page"}],"author":[{"embeddable":true,"href":"https:\/\/canicross.pitallat.cat\/index.php?rest_route=\/wp\/v2\/users\/1"}],"replies":[{"embeddable":true,"href":"https:\/\/canicross.pitallat.cat\/index.php?rest_route=%2Fwp%2Fv2%2Fcomments&post=41"}],"version-history":[{"count":20,"href":"https:\/\/canicross.pitallat.cat\/index.php?rest_route=\/wp\/v2\/pages\/41\/revisions"}],"predecessor-version":[{"id":538,"href":"https:\/\/canicross.pitallat.cat\/index.php?rest_route=\/wp\/v2\/pages\/41\/revisions\/538"}],"wp:attachment":[{"href":"https:\/\/canicross.pitallat.cat\/index.php?rest_route=%2Fwp%2Fv2%2Fmedia&parent=41"}],"curies":[{"name":"wp","href":"https:\/\/api.w.org\/{rel}","templated":true}]}}